64 is divided by (39/12)/(a/(-8)).
12
Suppose 3*a - 5*w - 1231 = 0, 5*w - 255 = -a + 162. Suppose -95*r - 3809 = -8179. What is the remainder when a is divided by r?
44
Let f(c) = -4 - 6 + 12 - 4 - 5*c + 3*c**2 + 23. Let w(u) = u**3 + 9*u**2 + 8*u - 6. Calculate the remainder when f(5) is divided by w(-7).
35
Suppose -5*q = 2*h - 168, -h + 5*h - 4*q = 308. Suppose -9 = -4*l + 7. Suppose 9 = 3*j, 9*g - 5*g - l*j = 80. Calculate the remainder when h is divided by g.
10
Let l = 2413 - 2314. What is the remainder when 213 is divided by l?
15
Suppose -4*o + 43 = n, 5*n + 31*o - 30*o - 215 = 0. Let l be (-2 - -13)/(2/36). Let g = 281 - l. What is the remainder when g is divided by n?
40
Suppose -15 - 65 = 10*w. Suppose 2*q - 6*q = 64. Let k = w - q. Calculate the remainder when 37 is divided by k.
5
Let a(c) = -1227*c - 4841. What is the remainder when 2008 is divided by a(-4)?
65
Calculate the remainder when (-170)/(-2) + -9 + 7 is divided by (-11)/(-6) + -2 - (-253)/6.
41
Let d = -56 + 225. Let g(m) = -542*m + 12487. Calculate the remainder when d is divided by g(23).
1
Suppose -2369 = 22*t + 2449. Let b = t - -422. Calculate the remainder when b is divided by 34.
33
Let d = 7 - 5. Suppose 2*w + 493 = -q - 2*q, -d*q - 316 = -5*w. Let t = -116 - q. Calculate the remainder when t is divided by 17.
13
Suppose 164*m + 2905 - 5503 = 20198. Calculate the remainder when 8475 is divided by m.
135
Suppose 144 = 2*c + 2*u, -5*c - 4*u = -8*c + 251. What is the remainder when c is divided by -1 + 16/5*120/16?
8
Let c = -134 - -131. Let w be ((-1)/2)/(4 + 54/(-12)). Calculate the remainder when 79 is divided by (-27)/c + w + -1.
7
Suppose -2*h + 139 = -1. Let g = h - 48. Let j = -7 + g. What is the remainder when 37 is divided by j?
7
Let m = 49 + 50. Let j = m + -88. Suppose 4*b = -w + 3*b + j, -b - 33 = -3*w. What is the remainder when 106 is divided by w?
7
Let l(c) = c**2 - 490*c + 3006. What is the remainder when 600 is divided by l(6)?
90
Suppose 2*h = 67*t - 69*t + 864, 414 = t - 2*h. What is the remainder when t is divided by 51?
18
What is the remainder when 737 is divided by -111 - -113 - (-49 - (1 - 2))?
37
Suppose -12*m = 13*m - 600. Let y = 55 - m. What is the remainder when 142 is divided by y?
18
Suppose 0 = -4*s - 8, -3*t + 7*s - 5*s + 4204 = 0. Suppose 0 = 4*r + 308 - t. Calculate the remainder when r is divided by 46.
43
Suppose -r + 1696 = 4*v - 9*r, 3*v + 4*r - 1232 = 0. Calculate the remainder when v is divided by 5.
1
Suppose 4*d - 144 = -32*d. Suppose -4*t - t + 38 = d*p, 4*t - p - 22 = 0. Let h(v) = -v + 17. Calculate the remainder when h(0) is divided by t.
5
Suppose 0 = -352*u + 348*u + 2160. Suppose -15*n = 60 - u. What is the remainder when n is divided by 5?
2
Suppose 24*r - 142*r + 2958 = -31*r. Calculate the remainder when 50 is divided by r.
16
Suppose -1312*c - 7323 = -1315*c. What is the remainder when c is divided by 808?
17
Let s(c) = -c**3 + 10*c**2 - 14*c + 8. Suppose 5*u + 24 - 69 = 0. Let w be s(u). Let k = 50 + w. Calculate the remainder when k is divided by 8.
5
Let g = -37 - -90. What is the remainder when (-144)/720 - (10152/15)/(-4) is divided by g?
10
Suppose -2246 = -37*n + 1343. Calculate the remainder when 165 is divided by n.
68
Let a = 77 + -137. Let n = -49 - a. Suppose n + 25 = 3*y. What is the remainder when 32 is divided by y?
8
Suppose 4*r + 39*r = 38210 + 24226. What is the remainder when r is divided by 56?
52
Suppose -4*c + 613 + 23 = 2*h, 5*c = -5*h + 805. Suppose -t + c + 17 = 0. Calculate the remainder when t is divided by 11.
9
Suppose -2*f + 2*m + 2144 = 0, 931*m - 933*m - 1064 = -f. Calculate the remainder when f is divided by 323.
111
Let x(u) = 2*u**3 - 250*u - 5. Calculate the remainder when 202 is divided by x(-11).
36
Let q(h) = 16*h + 66. Let j(k) = 21*k + 65. Let o(d) = -3*j(d) + 4*q(d). What is the remainder when 242 is divided by o(-42)?
26
Suppose 37*z - 32*z + 891 = 32*z. Calculate the remainder when -1 + (-3)/(6/(-88)) is divided by z.
10
Let z = -3337 - -4148. What is the remainder when z is divided by 14?
13
Let z(n) = 29*n**2 - 94*n - 507. What is the remainder when z(-5) is divided by 13?
12
Suppose -781 = -125*k + 2969. Calculate the remainder when 1918 is divided by k.
28
Let u = 81 - 60. Let h(i) = i**2 - 5*i + 23. What is the remainder when h(11) is divided by u?
5
Let g = -535 + 595. Suppose -11*b = -g - 534. What is the remainder when b is divided by (3/9)/(2/114)?
16
Let z = -273 + 272. What is the remainder when 82 + (-7)/z*-1 is divided by 27?
21
Suppose 4*j + 414 = 5*t - 59, j + 94 = t. Let h = -385 - -502. Let l = h + -100. Calculate the remainder when t is divided by l.
12
Let w(c) = 5*c - 20. Let k be w(6). Let z = 46 - k. Suppose -18*j + 19*j - 8 = 0. What is the remainder when z is divided by j?
4
What is the remainder when 12945/35 + 24/168 is divided by 176?
18
Let q(i) = -32*i**2 - 74*i - 4. Suppose 61 = 3*l + 4*h, -l - 42 = -3*l - 4*h. What is the remainder when l is divided by q(-2)?
3
Let o(p) = p**3 - p**2 - p + 17. What is the remainder when o(0) is divided by ((-10)/(-20))/(146/36 - (25 + -21))?
8
Suppose -2*w + 230 = -2*x, -x = x + 6. Suppose -4*i + 93 = 4*b - 9*i, -2*i = -5*b + w. Calculate the remainder when 14 is divided by (47/7 - -1) + b/77.
6
Let c = -1539 + 2274. What is the remainder when c is divided by 144?
15
Suppose 175 = 6*l - 125. Suppose l = v + 11. Calculate the remainder when ((-171)/(-12))/(1/8) is divided by v.
36
Let y be 2/(-3) - 84/(-18). Suppose 0 = 2*q - 5*n - 25, 0 = 3*q + 4*n - 7 + y. Let j(k) = k**2 - 6*k - 7. Calculate the remainder when j(8) is divided by q.
4
Suppose 0 = -5*h - 135 - 120. Let l(u) = -6*u**2 - 41*u + 32. Let j be l(-6). Let t = h + j. Calculate the remainder when 76 is divided by t.
10
Suppose 4*n + 18 + 26 = 4*x, x - 4*n + 7 = 0. Calculate the remainder when 305 is divided by x.
16
Suppose 3*n = 4*q + 6, -2*n = -5*q + 3*n - 5. Let m = 2 + q. Calculate the remainder when 4 - (-23 - (3 - m)) is divided by 17.
14
Let u(l) = -6*l - 55. Let r be u(-21). Let c = r - 27. What is the remainder when 127 is divided by c?
39
Suppose 0*k + 4*k - z = -27, -4*k = -2*z + 30. What is the remainder when 60 is divided by 4 + -9 + -28*(k + 5)?
14
Suppose -5*r + 5*x + 202 = 9*x, -x - 149 = -4*r. Suppose -4 = 3*k + 2. Calculate the remainder when r is divided by 38 + k + (-4 - 0).
6
Let s = -108 - -30. Let f = -75 - s. Suppose -5*v = -v + z - 88, 0 = -4*v - f*z + 80. Calculate the remainder when 109 is divided by v.
17
Let y(x) = 20*x - 7. Let o be (-33)/22*20/(-3). Suppose -2*h - n + 27 = 0, -12*n + 66 = 5*h - o*n. What is the remainder when y(8) is divided by h?
9
Let v = 1229 - -7537. Calculate the remainder when v is divided by 43.
37
Let c(h) = h**3 - 3*h**2 + 5*h. Let t(s) = -3*s**2 - 24*s - 17. Let w be t(-7). Calculate the remainder when c(w) is divided by 27.
9
Let y be 7/(-49)*-2 - 2668/28. Let u = y - -181. What is the remainder when u is divided by 50?
36
Suppose -3*u - 7*l + 2*l = 5, 3*u - 3 = -3*l. Suppose -7*j - 13 = -8*j - u*m, -j - m + 29 = 0. Let w = 116 + 14. Calculate the remainder when w is divided by j.
31
Suppose -2*l - 192 = 14*l. What is the remainder when 40 is divided by 45/12*(1 - 4/l)?
0
Suppose 6*h + 15 = 21*h. What is the remainder when 239 is divided by 45/h + 18 + -14?
43
Suppose 25 - 36 = -p. Suppose -209 = -4*i + 123. Suppose -27 = -2*b - 3*g + 19, -3*b - g = -i. What is the remainder when b is divided by p?
7
Suppose -4*x + 236 = -4*z, -2*x + 5*z + 70 = -42. Let a = 2088 + -2071. Calculate the remainder when x is divided by a.
10
Let d = 27687 - 27509. Suppose -2*f - 3*f = -70. What is the remainder when d is divided by f?
10
Let p(x) = 2*x**2 + 8*x + 23. Let d be p(-6). Let r(t) = 91*t**2 - 43*t**2 - d*t**2 - 5 - 6*t. What is the remainder when 108 is divided by r(-3)?
20
What is the remainder when ((4 - (-110)/15)/(-1))/(2/(-51)) is divided by 147?
142
Calculate the remainder when ((-39)/1)/(-11*14/4774) is divided by 242.
241
Suppose -3*p + 368 = 27*b - 22*b, -284 = -4*b - 5*p. What is the remainder when 1975 is divided by b?
75
Suppose 0 = -4*n + 4*h - 8, 0 = 2*n - 7*h + 2*h + 16. Suppose 0 = -4*m + 22 + 142. Calculate the remainder when m is divided by n.
1
Let v(q) = -q**2 - 8*q - 2. 